 of 95726.
2, 23, 2081
List the prime factors of 85460.
2, 5, 4273
List the prime factors of 3082.
2, 23, 67
What are the prime factors of 1031?
1031
What are the prime factors of 1414?
2, 7, 101
What are the prime factors of 156?
2, 3, 13
List the prime factors of 48896.
2, 191
What are the prime factors of 34190?
2, 5, 13, 263
What are the prime factors of 3685?
5, 11, 67
What are the prime factors of 7862?
2, 3931
What are the prime factors of 1503?
3, 167
List the prime factors of 88028.
2, 59, 373
List the prime factors of 74991.
3, 7, 3571
List the prime factors of 1158.
2, 3, 193
What are the prime factors of 17?
17
What are the prime factors of 11145?
3, 5, 743
What are the prime factors of 3486?
2, 3, 7, 83
List the prime factors of 67039.
7, 61, 157
List the prime factors of 6526.
2, 13, 251
List the prime factors of 938.
2, 7, 67
List the prime factors of 1783.
1783
What are the prime factors of 93690?
2, 3, 5, 347
What are the prime factors of 14293?
14293
List the prime factors of 47299.
7, 29, 233
What are the prime factors of 2879?
2879
What are the prime factors of 1003?
17, 59
What are the prime factors of 581?
7, 83
What are the prime factors of 2202?
2, 3, 367
List the prime factors of 580.
2, 5, 29
What are the prime factors of 15733?
15733
List the prime factors of 2895.
3, 5, 193
List the prime factors of 74855.
5, 11, 1361
What are the prime factors of 25680?
2, 3, 5, 107
What are the prime factors of 3008?
2, 47
List the prime factors of 417.
3, 139
List the prime factors of 8522.
2, 4261
What are the prime factors of 2013?
3, 11, 61
List the prime factors of 33.
3, 11
What are the prime factors of 259?
7, 37
List the prime factors of 65015.
5, 13003
What are the prime factors of 1471?
1471
What are the prime factors of 527?
17, 31
What are the prime factors of 15017?
15017
What are the prime factors of 9166?
2, 4583
What are the prime factors of 3955?
5, 7, 113
List the prime factors of 29326.
2, 11, 31, 43
List the prime factors of 1854.
2, 3, 103
List the prime factors of 72257.
19, 3803
What are the prime factors of 37497?
3, 29, 431
What are the prime factors of 536?
2, 67
List the prime factors of 999.
3, 37
List the prime factors of 2143.
2143
What are the prime factors of 49123?
49123
List the prime factors of 3787.
7, 541
What are the prime factors of 1926?
2, 3, 107
List the prime factors of 2589.
3, 863
What are the prime factors of 4158?
2, 3, 7, 11
List the prime factors of 5370.
2, 3, 5, 179
List the prime factors of 42132.
2, 3, 3511
What are the prime factors of 67406?
2, 33703
What are the prime factors of 936?
2, 3, 13
What are the prime factors of 12925?
5, 11, 47
What are the prime factors of 5361?
3, 1787
List the prime factors of 2804.
2, 701
What are the prime factors of 19?
19
What are the prime factors of 4080?
2, 3, 5, 17
List the prime factors of 5315.
5, 1063
What are the prime factors of 8406?
2, 3, 467
List the prime factors of 3415.
5, 683
List the prime factors of 5407.
5407
List the prime factors of 1874.
2, 937
List the prime factors of 12480.
2, 3, 5, 13
What are the prime factors of 1605?
3, 5, 107
List the prime factors of 1880.
2, 5, 47
What are the prime factors of 10945?
5, 11, 199
List the prime factors of 150573.
3, 53, 947
List the prime factors of 2035.
5, 11, 37
List the prime factors of 48492.
2, 3, 449
What are the prime factors of 46626?
2, 3, 19, 409
List the prime factors of 62.
2, 31
List the prime factors of 23359.
7, 47, 71
List the prime factors of 78105.
3, 5, 41, 127
What are the prime factors of 33276?
2, 3, 47, 59
List the prime factors of 1730.
2, 5, 173
What are the prime factors of 135555?
3, 5, 7, 1291
What are the prime factors of 1393?
7, 199
List the prime factors of 1073.
29, 37
What are the prime factors of 1363?
29, 47
What are the prime factors of 1374?
2, 3, 229
What are the prime factors of 3635?
5, 727
What are the prime factors of 3102?
2, 3, 11, 47
List the prime factors of 737.
11, 67
What are the prime factors of 1002?
2, 3, 167
List the prime factors of 1426.
2, 23, 31
List the prime factors of 22.
2, 11
What are the prime factors of 3527?
3527
List the prime factors of 748.
2, 11, 17
What are the prime factors of 2034?
2, 3, 113
What are the prime factors of 2280?
2, 3, 5, 19
What are the prime factors of 101016?
2, 3, 23, 61
List the prime factors of 50917.
59, 863
What are the prime factors of 17733?
3, 23, 257
List the prime factors of 15397.
89, 173
List the prime factors of 1385.
5, 277
What are the prime factors of 1161?
3, 43
List the prime factors of 4102.
2, 7, 293
List the prime factors of 10546.
2, 5273
List the prime factors of 34472.
2, 31, 139
What are the prime factors of 23484?
2, 3, 19, 103
List the prime factors of 6222.
2, 3, 17, 61
List the prime factors of 2499.
3, 7, 17
What are the prime factors of 20739?
3, 31, 223
List the prime factors of 8747.
8747
List the prime factors of 1396.
2, 349
List the prime factors of 3322.
2, 11, 151
What are the prime factors of 1231?
1231
List the prime factors of 6751.
43, 157
List the prime factors of 166159.
7, 3391
List the prime factors of 81328.
2, 13, 17, 23
What are the prime factors of 1095?
3, 5, 73
List the prime factors of 6551.
6551
List the prime factors of 9176.
2, 31, 37
List the prime factors of 707.
7, 101
List the prime factors of 2611.
7, 373
List the prime factors of 831.
3, 277
What are the prime factors of 4472?
2, 13, 43
List the prime factors of 1064.
2, 7, 19
List the prime factors of 10355.
5, 19, 109
List the prime factors of 63054.
2, 3, 31, 113
List the prime factors of 56.
2, 7
What are the prime factors of 12490?
2, 5, 1249
What are the prime factors of 14214?
2, 3, 23, 103
What are the prime factors of 498?
2, 3, 83
List the prime factors of 66652.
2, 19, 877
What are the prime factors of 3468?
2, 3, 17
List the prime factors of 164.
2, 41
What are the prime factors of 10672?
2, 23, 29
List the prime factors of 2243.
2243
What are the prime factors of 84?
2, 3, 7
What are the prime factors of 979?
11, 89
What are the prime factors of 1283?
1283
What are the prime factors of 2643?
3, 881
List the prime factors of 7718.
2, 17, 227
What are the prime factors of 1101?
3, 367
List the prime factors of 72606.
2, 3, 12101
List the prime factors of 25651.
113, 227
List the prime factors of 8446.
2, 41, 103
List the prime factors of 1564.
2, 17, 23
What are the prime factors of 47747?
7, 19, 359
What are the prime factors of 1944?
2, 3
List the prime factors of 5875.
5, 47
What are the prime factors of 85044?
2, 3, 19, 373
What are the prime factors of 11995?
5, 2399
What are the prime factors of 3?
3
List the prime factors of 1629.
3, 181
List the prime factors of 14846.
2, 13, 571
What are the prime factors of 7255?
5, 1451
List the prime factors of 12875.
5, 103
What are the prime factors of 14439?
3, 4813
What are the prime factors of 763?
7, 109
What are the prime factors of 914?
2, 457
List the prime factors of 971.
971
List the prime factors of 3543.
3, 1181
List the prime factors of 2329.
17, 137
List the prime factors of 15380.
2, 5, 769
List the prime factors of 4128.
2, 3, 43
What are the prime factors of 8108?
2, 2027
What are the prime factors of 45073?
7, 47, 137
List the prime factors of 661.
661
What are the prime factors of 2294?
2, 31, 37
List the prime factors of 16741.
16741
List the prime factors of 268.
2, 67
What are the prime factors of 11115?
3, 5, 13, 19
What are the prime factors of 5007?
3, 1669
What are the prime factors of 53466?
2, 3, 7, 19, 67
List the prime factors of 2801.
2801
What are the prime factors of 104876?
2, 157, 167
List the prime factors of 397.
397
What are the prime factors of 1123?
1123
What are the prime factors of 1247?
29, 43
What are the prime factors of 7189?
7, 13, 79
What are the prime factors of 5590?
2, 5, 13, 43
List the prime factors of 1859.
11, 13
What are the prime factors of 5193?
3, 577
List the prime factors of 38286.
2, 3, 709
List the prime factors of 13476.
2, 3, 1123
List the prime factors of 70179.
3, 149, 157
List the prime factors of 2746.
2, 1373
List the prime factors of 3335.
5, 23, 29
What are the prime factors of 226?
2, 113
List the prime factors of 54112.
2, 19, 89
What are the p